d + 8 = p, -4 = 2*o + 3*d. Calculate g(o).
-4
Suppose 1 = 2*u - 5. Let q(j) = -2*j**2 + j**2 + 2 + j - 3*j**2 + u*j**2. What is q(0)?
2
Let n = -4 - -8. Let l = n + -2. Let s(r) = 2*r - 2*r**2 - 2*r + 2*r + r**3 + 2. What is s(l)?
6
Suppose -4*d = -4*j + 4, -d + 2 = 2*j - 6*d. Let p(s) = s + s**2 - 8*s + 2*s + j + s. Let k(a) = -4*a**3 + a + 1. Let o be k(-1). Calculate p(o).
1
Let w(l) = -l**3 - 25 - 4*l**2 - 27 + 54. What is w(-4)?
2
Let i(b) = 3*b - 5. Let a be i(0). Let h(d) = d**2 - 7*d - 7 + d**3 + d**2 + 2*d**2. What is h(a)?
3
Let g(l) = -l**3 + 3*l**2 - 4*l + 2. Suppose 2*d + 25 = -3*d. Let t(b) = b**2 + 5*b + 5. Let j be t(-2). Let i be (d - j)/(-1 + -1). Calculate g(i).
-2
Let b(u) be the second derivative of -u**3/6 + 3*u**2 + 11*u. What is b(6)?
0
Let g(z) = z**2 - 9*z + 9. Suppose 0 = o - 6 - 1. Calculate g(o).
-5
Let j(q) = -q**3 - 6*q**2 + 6*q - 7. Let b = -3 + 0. Let d be b + 1 + 10/(-2). Calculate j(d).
0
Let p(j) = 1 + 7*j + 2*j**2 - 2*j**2 + j**2 - 6*j. Give p(0).
1
Let u(j) be the second derivative of -j**4/12 - 5*j**3/6 + j**2 - 7*j. What is u(-4)?
6
Let v(g) = 18*g**3 - 3*g - 7*g**3 - 2 - 10*g**3 + 2*g**2. Determine v(-3).
-2
Let k(f) = -f**2 - 3*f + 5. Let b = -7 + 7. Let a be (-1 + 0 + b)*4. Give k(a).
1
Let v(r) = r + 15. Let b be v(-11). Let h(x) = -x - b + 2 - 3 + 2. Calculate h(-2).
-1
Let o(w) = w**3 - 2*w**2 + 4*w - 3. Suppose 7*c - 16 = 3*c + 2*q, 4*q = 5*c - 20. Suppose -n + c = 2. Let k be (32/56)/(n/7). What is o(k)?
5
Let d(g) = 1613*g - 20 - 1614*g + 4. Give d(-7).
-9
Suppose -2*p - 2 = -0, -2*p = 3*i + 2. Let j(u) = i*u + 4*u + 0*u - u - 2. Calculate j(2).
4
Let h(d) = 2*d - 9. Let z be h(6). Let g(k) = -2*k**2 + 3*k + 3. Calculate g(z).
-6
Suppose f - 1 = -p, 4*f = 2*p + 3*p - 5. Let j(y) = 2 + y - 2*y**2 - 4*y**2 + 3*y**2 - p. What is j(2)?
-9
Let v(y) = -14*y**2 + 11*y + 14. Let k(u) = 10*u**2. Let b be k(1). Let c be -2*(b/4 - 0). Let f(z) = -9*z**2 + 7*z + 9. Let p(g) = c*v(g) + 8*f(g). Give p(-2).
-8
Let x(k) = -k**2 - 5*k - 5. Suppose -3*t + 7 = -2*z, 2*z + 0*z = 2*t - 6. Let l(p) = 5*p**2 + 24*p + 25. Let n(a) = z*l(a) - 11*x(a). Give n(-6).
-1
Let b be -1 + ((-2)/(-1))/2. Suppose 2*j - 2 = -b*j. Let m(u) = -9*u**3 - u**2 + u - 1. Determine m(j).
-10
Let c(l) = -11*l - 1. Suppose -7 = -m - 3*k, 0*m + 2*m + 4*k - 10 = 0. Determine c(m).
-12
Let x(o) be the third derivative of -o**6/60 + o**5/30 + o**4/12 - o**3/3 - o**2. Let z(r) = -r - 56 + 56. Let v be z(-2). Determine x(v).
-6
Let z = 3 + -1. Let a(u) = 1 + u - 3 - z. Suppose 0 = 6*c - 13 - 5. What is a(c)?
-1
Let g(r) = r. Let b(h) = 3*h**3 - 2*h**2 + h. Let w be b(1). Suppose 2*m + w*m - 4*j = 0, -3*j - 10 = -5*m. Give g(m).
5
Let j = -27 + 19. Let s(u) = -u**3 - 8*u**2 + u + 9. Let k be s(j). Let h(m) = 2*m. What is h(k)?
2
Let d(c) = -4*c + 6. Let w(l) = l - 1. Let k(p) = d(p) + 5*w(p). Determine k(-4).
-3
Let s(x) be the second derivative of -x**4/12 + 3*x**3/2 - 7*x**2/2 + 2*x. Let u be s(8). Let k(f) = 11*f**2 + f. Calculate k(u).
12
Suppose l - 5*l - 2*m + 24 = 0, -3*l + 3*m = -9. Suppose -4 = 3*y + d, y - 8 = l*y + 4*d. Let j(u) = 10*u + 1. Give j(y).
-9
Let g(p) = p**3 - 4*p**2 + 1. Let k be g(4). Suppose -2 = -d + k. Let n(x) = -d + x + 4 + x + 2. What is n(-2)?
-1
Let z(d) = d**3 - d**2 - 4. Let p(i) = 2*i**2. Let a be p(-2). Let b = a + -5. Suppose b*u = 2*u. What is z(u)?
-4
Suppose 4*v + 9 = 1. Let h(j) be the first derivative of -j**2/2 - 34. Give h(v).
2
Suppose 0 = -5*c - 4*f + 32, c = -2*f - 2*f + 16. Let q(n) = n + 3. Calculate q(c).
7
Let c(q) be the third derivative of -2*q**5/15 + q**3/6 - 5*q**2. Let p = 1 - 1. Suppose -z - 5*g = -2*z + 19, -3*g - 12 = p. What is c(z)?
-7
Let d(t) = t**2 + 3*t. Let z be 8/(-28) + 38/(-14). Let o(f) = 3*f**2 + 9*f. Let l(x) = z*o(x) + 8*d(x). What is l(-3)?
0
Let o(u) = -u**3 + 10*u**2 - 8*u - 4. Let h be o(9). Suppose 3*q = h*f - 2*f, -4 = -q - f. Let l(m) = -4*m - 1 + 4*m**2 - 3*m**2 + q. Give l(3).
-2
Let k(c) = -2*c**2 - 2*c. Let q(t) = -t**3 + 3*t**2 + 6*t - 6. Let f be q(4). Suppose 11 = -f*w - 1. Let y be (w/4)/((-3)/(-4)). Calculate k(y).
-4
Suppose -v + 3*v = -4*h + 2, 5*v = -3*h + 5. Let j(o) = 0*o + 1 - o + h*o. Suppose 5*d + 4*n + 23 = 0, 7*d - 2*n + 11 = 2*d. Give j(d).
4
Let v(o) = o**2 - o + 1 - 4*o**2 + 2*o**2. Let f(h) = -3*h**2 - 2*h + 3. Let a(k) = -2*f(k) + 4*v(k). Let q(s) be the first derivative of a(s). Calculate q(1).
4
Let o = -3 - -6. Let w(y) = 8*y + 0*y**2 + o*y - 4*y - y**2 + 4. Determine w(6).
10
Let s(l) = l. Let k(a) = a - 14. Let p be k(11). Let v = -1 + p. Give s(v).
-4
Let q(h) be the second derivative of -6*h + 0*h**3 + 0 - 1/12*h**4 - h**2. Determine q(-2).
-6
Let t(c) = c**2 - 6*c + 6. Let y be t(6). Let j(d) = d - 3. Determine j(y).
3
Let c(g) = g**2 + 1. Let j(o) = 5*o**2 - 5*o + 12. Let a(f) = 6*c(f) - j(f). Determine a(-6).
0
Let j(r) = r**3 - 2*r**2 - 5*r - 10. Let n be j(4). Let u(x) = 3*x + 0 + 1 + 0. Calculate u(n).
7
Let k(o) = -o**2 + 5*o. Let c = 6 - 2. Give k(c).
4
Let j(o) be the third derivative of o**5/20 - 25*o**4/24 + o**3 + 4*o**2. Let a(d) = -d**2 + 8*d - 2. Let m(y) = -7*a(y) - 2*j(y). Calculate m(5).
-3
Let o(n) = -3*n**2 + 7*n + 9. Let a(m) = 2*m**2 - 7*m - 8. Let k(w) = -4*a(w) - 3*o(w). Calculate k(-5).
-5
Suppose -4*o = o + 5*q - 25, -5*q = -3*o - 25. Suppose -p - 2*p = o. Suppose p*n + 4*n + 8 = 0. Let b(i) = 2*i**3 + 3*i**2 - 1. Give b(n).
-5
Let w = -7 - -2. Let z(v) = -v. Let c(h) = 9*h + 2. Let f(g) = c(g) + 6*z(g). Calculate f(w).
-13
Suppose -2*k + 9 = w - 0*w, -w = -2*k + 7. Let f(d) = -k*d - 1 + 6*d**2 + 4*d. Let x = 1 - 2. What is f(x)?
5
Let k(h) = 3*h - 2. Let r be 1 + -1 + 4 + -2. What is k(r)?
4
Let j be 21/6*2 - 1. Let b(g) = -g + 8. Determine b(j).
2
Let j be (1/(-2))/(1/78). Let g be 6/9 - j/9. Let q(u) = u**3 + 4 - 2*u - 3 + u + g*u**2. Determine q(-5).
6
Let z(d) = 2*d**2 - d. Let n be z(-1). Let k be (-10)/(n/3 - 3). Let x(r) = -r + 4. Calculate x(k).
-1
Let z(d) = d**2 - 3*d - 2. Let f = -32 + 35. What is z(f)?
-2
Suppose -3*k = -5*g + 52, k = -5*g + 3*g + 1. Let b(u) = u**2 + 7*u - 13. Let i be b(k). Suppose -5*o + 0 = -i. Let c(a) = 7*a. Determine c(o).
7
Let g(p) = -p - 3. Suppose -r = -3*w + 1, -w = r + r - 26. Let v = -15 + r. Determine g(v).
1
Let l(a) = 4*a + 16. Let b(n) = 5*n + 17. Let i(m) = -5*b(m) + 6*l(m). Let j be 3/((-9)/2)*-6. Suppose -5 = -j*w + 3*w. Calculate i(w).
6
Let q(j) = -10*j - 12. Let c(i) be the first derivative of 5 + 9*i - 2 + 2*i**2 - 4*i. Let a(h) = 12*c(h) + 5*q(h). Give a(-1).
2
Let w(l) be the first derivative of -l**7/840 - l**4/12 + l**3/3 - 1. Let g(y) be the third derivative of w(y). Give g(-2).
6
Let p = 8 + -3. Let g(w) = -w**2 + 2 + p*w + 0 - 8*w**2 + 8*w**2. Suppose 0 = -5*c + 5, a - 9 = -2*c - 2. Give g(a).
2
Let x(f) = -2*f - 1. Suppose -6 + 15 = 3*s. Calculate x(s).
-7
Let l(n) = 6*n. Suppose -2*t - 20 = 2*t. Let g(f) = f**3 + 6*f**2 + 5*f + 1. Let d be g(t). Give l(d).
6
Suppose 5 = 5*a - 5. Suppose -4*v + 9 = 3*x, -3*x - 2*v + 9 = -v. Let f(q) = -q**a - q**2 + 2*q - 1 - q**3 - x*q. What is f(-1)?
-1
Let h(o) = -2*o + 3 + 0 - 2 + 2*o**2. Determine h(1).
1
Suppose o + 5 = 2*z, -20 = 4*z + o + 3*o. Let i(s) = -s**3 + 11. Give i(z).
11
Let x(j) be the third derivative of j**6/120 + j**5/30 + j**3/2 - j**2. Suppose -3 = -u + 2. Suppose -1 + 23 = v + u*a, 0 = -4*v + 2*a - 22. What is x(v)?
-6
Let g(p) = -1 + 101*p + 5 - 103*p - 3. Calculate g(4).
-7
Let z(f) = -f**2 + 4*f - 2. Let a be 22/(-11)*6/(-4). Calculate z(a).
1
Let f(v) = -v**2 + 7*v - 10. Let b(p) = -p**2 + 6*p - 12. Let m(r) = 2*b(r) - 3*f(r). Calculate m(8).
-2
Let r(o) = o - 11. Let l be (0 - -3 - 6) + 8 + 0. Calculate r(l).
-6
Let o be (-90)/(-6)*(-5)/(-25). Let j(i) be the second derivative of 0 + i + 3/2*i**2 - 1/3*i**o. Calculate j(-4).
11
Let k(x) = x**2 + 9*x + 7. Suppose -4*n + 6 = -3*n. Suppose -2*v = i + 5, 0 = i - n*i + 3*v - 25. Determine k(i).
-13
Let q = -1 - -4. Let u(l) = -6*l**3 + 5*l**3 + l**2 + 1 + 3*l**2. Calculate u(q).
10
Let t(d) = d**3 + 6*d**2 - 8*d - 10. Let p be t(-7). Let f(r) = -3*r - 4. Calculate f(p).
5
Suppose 0*d = -n - 3*d + 10, 2*n - 14 = -3*d. Let q(i) = i**2 + i. Let j(v) = 6*v**2 + 2*v + 2. Let k(h) = -j(h) + 5*q(h). Determine k(n).
-6
Let z = -7 + 10. Let f(q) b